*f + 108. Let p = -521 - -541. List the prime factors of o(p).
2, 3, 59
Let f = -25330 + 49127. List the prime factors of f.
53, 449
Let q(c) = 11*c**3 - 153*c**2 - 15*c + 242. List the prime factors of q(25).
103, 739
Let m(v) be the first derivative of -v**3/3 + 9*v**2/2 - 6*v - 4. Let s be m(8). Suppose 4*y - 318 = s*y. What are the prime factors of y?
3, 53
Suppose 153*f - 2839675 - 308759 = 0. List the prime factors of f.
2, 10289
Let v be 9440/520 - (-4)/(-26). Suppose 33*i = v*i + 22200. List the prime factors of i.
2, 5, 37
Let a(y) = y**3 + 10*y**2 - 14*y - 30. Let t be a(-11). Suppose 87 = -t*i + 714. Suppose c + 10*c = i. What are the prime factors of c?
19
Let n(y) = 24*y**2 + 15*y + 62. List the prime factors of n(20).
2, 17, 293
Let i = 9950 - 3842. What are the prime factors of i?
2, 3, 509
Suppose g - 308 = 4*p, 2*g - 1455 = -3*g + 3*p. Let h = -16 + 25. Suppose h*w = w + g. List the prime factors of w.
2, 3
Suppose 361718 = 177*r - 710017. List the prime factors of r.
5, 7, 173
List the prime factors of (-1)/((-72)/(-335106))*-4.
18617
Let v = 27475 + 36325. List the prime factors of v.
2, 5, 11, 29
Suppose 0 = -30*f + 34*f - 16. Let i be 0*(3 - (8 - f)). Suppose 5*t + 4*q - 272 = i, 13 - 4 = 3*q. List the prime factors of t.
2, 13
Let z be 0 - -13 - 11/11. Let s be (-28)/(-7)*(-3)/z*1. List the prime factors of s*(12/42 + (-555)/7).
79
List the prime factors of 316*((-44505)/46)/(-45).
2, 43, 79
What are the prime factors of 3/(6/4) + (63 - -5950)?
3, 5, 401
Suppose -2*m = q - 36961, -5*m - 85*q + 92385 = -86*q. What are the prime factors of m?
2, 9239
Let u(y) = -y**2 - 18*y - 41. Let j be u(-4). Suppose j*n = 18*n - 579. What are the prime factors of n?
193
Suppose 18*g + 255 = g. What are the prime factors of ((41/(-5))/(-1))/(g/(-75))?
41
Let r(j) = -j**3 - 12*j**2 - 22*j + 10. Let t be r(-11). Suppose -5*b - 586 + t = 0. List the prime factors of 1 + 3 - (b - -4).
7, 13
Let f be (-1)/((-4)/(-62)*(-33)/66). Suppose -j - 5*u = -f, 0 = -2*j - 25*u + 20*u + 37. What are the prime factors of j?
2, 3
Let t(s) = 32*s - 15. Let p = -403 - -419. List the prime factors of t(p).
7, 71
Let i = 61895 + -36244. List the prime factors of i.
113, 227
Let c be 0/(-4) + 5*-1. What are the prime factors of ((-1)/c*582)/(4/10)?
3, 97
Suppose -5*k + 13 = -r, -2*k = 3*k - 5*r - 5. Let j(x) = -5*x - 12*x**2 + 9*x**3 - 4 + 1 - 8*x**k. List the prime factors of j(13).
101
Let t(p) = 5*p**2 - 17*p - 22. Suppose -d - 4*q = -24, -3*d + 2*q + 9 = -7. What are the prime factors of t(d)?
2, 3
Let o = -77 + 79. Let n be o/5 + ((-112)/(-20) - 2). List the prime factors of ((-30)/40 + 5/n)*46.
23
Let y = -5973 - -18215. What are the prime factors of y?
2, 6121
Suppose 1175 = 5*s + 20*s. Suppose l = 79 + s. What are the prime factors of l?
2, 3, 7
Suppose -2*k + 2 = -5*k + l, 0 = k - 2*l + 4. Suppose k = 3*t - 6 + 3. List the prime factors of t/(-2) + ((-249)/(-2) - -3).
127
List the prime factors of ((-30260)/35)/(28/98)*(-6 + 2).
2, 17, 89
Let i(k) = -3*k + 21. Let d be i(10). What are the prime factors of 1 + (d/(-3) - -303)?
307
Let z(v) = -2 + 0 - 2*v + 5*v - 7. Let k be z(5). List the prime factors of 2280/28 - k/14.
3
Let v be ((-7)/((-112)/(-180)))/((-3)/8). Suppose 0 = -2*g - 4, -2*g - v - 46 = 3*m. What are the prime factors of (108/2)/((-18)/m)?
2, 3
Suppose 2516 = u - 5*w, 4*u = 9*u - 5*w - 12660. List the prime factors of u.
2, 317
What are the prime factors of (1 - (-21)/(-6))*(98 + -3102)?
2, 5, 751
Let i(g) = -g**3 - 6*g**2 + 10*g - 11. Let q = 36 + -43. Let l be 52/q + (-12)/21. What are the prime factors of i(l)?
37
Let n = 3088 + -2275. What are the prime factors of n?
3, 271
Suppose -354 = -5*z + 3*z. Let t = z - 81. Suppose -2*g + 116 = -2*r - 0*r, t = 2*g + 3*r. List the prime factors of g.
2, 3
Suppose 2*u = -1978*q + 1979*q + 9462, -q + 4737 = u. List the prime factors of u.
4733
Suppose 20*a - 54507 - 160133 = 0. What are the prime factors of a?
2, 2683
Suppose 0 = 2*o + 12*o - 62*o + 1074048. What are the prime factors of o?
2, 2797
Suppose -5*f + 127470 = -c, -5*c - 887 + 912 = 0. What are the prime factors of f?
5, 5099
Suppose -3*d = -5*j - 2225, 0*d - 3*d = -j - 2233. Let q be (-3)/18 + d/6. Let h = -10 + q. List the prime factors of h.
2, 3, 19
Let l(n) = -35*n**3 + 0*n - 6 + 18*n**2 + 34*n**3 + 11*n. What are the prime factors of l(14)?
2, 233
Suppose 0 = 5*d + 14 - 4. Let n(m) = -124*m + 25. Let c(x) = -195*x + 38. Let r(k) = -5*c(k) + 8*n(k). List the prime factors of r(d).
2, 11
What are the prime factors of 33162 + 42*2/(-12)?
5, 19, 349
Let c = 113 + 156. What are the prime factors of (4 + -3)*c + -4?
5, 53
Let i = -218 - 520. Let s = -260 - i. List the prime factors of s.
2, 239
Suppose 0 = 382*v - 365*v - 13277. What are the prime factors of v?
11, 71
Let l(d) = -d**3 - d**2 - 189*d - 179. What are the prime factors of l(-25)?
2, 29, 337
Let a(i) = -381*i - 108. Let x be a(7). List the prime factors of 6 + (3 - 5) - x/3.
929
Let z = 6224 + -766. What are the prime factors of z?
2, 2729
Let f(k) = -45*k + 190. Let z be f(-21). Let q = z + -620. List the prime factors of q.
5, 103
Let t = -730 - -714. List the prime factors of t/8*-127*(-11)/(-2).
11, 127
Suppose -2*q = 14*q - 1312. Suppose -224*a + q = -222*a. List the prime factors of a.
41
Suppose 136355 = 3*u - 43*b + 48*b, -u - 5*b + 45475 = 0. What are the prime factors of u?
2, 5, 71
Let o(i) = -16*i + 76. Let p be o(4). Suppose 2*w - 4*b - 14 = 0, -p*b + 9*b - 30 = -3*w. What are the prime factors of w?
13
Suppose 2*v - t = 1129070, -5*v - 3*t + 1129078 = -3*v. What are the prime factors of (-4)/42 + v/588?
2, 3, 5
Let o = 4027 - -14707. Suppose 2*k + o = 31*k. What are the prime factors of k?
2, 17, 19
Let g(o) = -o**2 - 19*o - 24. Let w be g(-17). Let x = w - 10. What are the prime factors of 34 - (-2 + -2 - x)?
2, 19
Let v be (2 + 0)/(6/(-18)). Let z be (-324)/(-15) - (-4)/(40/v). Let g = -3 + z. List the prime factors of g.
2, 3
Suppose -u = -20*u + 12730. What are the prime factors of (u/(-35))/(2/(-14))?
2, 67
Suppose -3*j = 47 - 65. Suppose -8*q - j = -6*q. What are the prime factors of 4/(24/q)*-314?
157
Let w(r) = 146*r**2 - 61*r - 782. What are the prime factors of w(-18)?
2, 5, 2381
List the prime factors of (-14 - 34723)/(5 - 6).
3, 11579
Let s(y) = y + 3. Let f be s(0). Suppose 34 = -f*u + 112. What are the prime factors of u?
2, 13
Let w(d) = -d**3 - 3*d**2 + 5*d + 13. Let c = 96 + -100. Let b be w(c). List the prime factors of ((-3)/b)/(5/(-1485)).
3, 11
Suppose -179970 = -214*r + 193*r. List the prime factors of r.
2, 5, 857
Let a(i) = -i**3 - 10*i**2 - 13*i - 5. Suppose 31*m - 22 = 33*m. Let v be a(m). Let x = v - 91. List the prime factors of x.
2, 3, 7
Let r(x) = -15*x**2 + 9*x + 55. Let m(g) = -16*g**2 + 9*g + 54. Let f(p) = 5*m(p) - 6*r(p). List the prime factors of f(-10).
2, 5, 103
Suppose 5*y = -5*t - 108 + 23, -3*y = -2*t - 49. Let x = t - -32. Suppose 0 = -13*b + x*b + 164. List the prime factors of b.
2, 41
Let j = -825 - -1377. Let d = j - 379. What are the prime factors of d?
173
Let h = -49 + 112. Let p = -68 + h. Let n(f) = 6*f**2 - 3*f - 11. List the prime factors of n(p).
2, 7, 11
Suppose -4*p + 4*n = 300, -2*p + 3*n = 7 + 139. Let v = p - -183. List the prime factors of v.
2, 13
Suppose -78*p = 77*p - 1845275. List the prime factors of p.
5, 2381
Suppose 3*r = 20 + 4. Let v be r/14 + ((-20260)/(-35))/2. Suppose 0 = -2*a + 6 + 4, 2*w - v = -2*a. List the prime factors of w.
2, 5, 7
Suppose -15664 = -6*w - 2770. Suppose -9*a - 232 + w = 0. List the prime factors of a.
3, 71
Let x = 124 + -134. Let v be (20 + -5)/((-5)/x). What are the prime factors of v/20 - (-247)/2?
5
Suppose -2943*g = -2958*g + 281730. What are the prime factors of g?
2, 9391
Suppose 0 = a + 3*p + 4 - 11, p = 0. Suppose 2*z = a*z - 140. What are the prime factors of z?
2, 7
Suppose -2*t + z + 3*z = 2, 0 = -2*t + 3*z. Suppose 2*d + 52 = t*d. What are the prime factors of d?
2, 13
Let q = -11320 + 17827. What are the prime factors of q?
3, 241
Suppose 0 = -3*t - z + 96156, -5*z + 160280 = 272*t - 267*t. What are the prime factors of t?
2, 5, 641
Suppose -2*t = -2*i + 402, 19*t = 22*t + 15. List the prime factors of i.
2, 7
Let z be -1*15/60 + 35889/4. Suppo